-393, 2*u = -o + 158. Let d = u - z. List the prime factors of d.
2, 17
Let q = -80 - -83. Suppose 3*n - 6*n - z - 632 = 0, 3*n + q*z = -624. List the prime factors of -11*n/16 + 15/(-20).
5, 29
Suppose -5*l - 5*f + 55 = 0, -3 = 4*f - 23. Let g(u) = 2*u**2 + 5*u + 2. Let n be g(-4). What are the prime factors of (-2384)/(-56) + l/n?
43
Let l be 0*(-2)/(-4) - -20. Let u(r) = -2*r - 25. Let y(q) = 3*q + 26. Let a(z) = -4*u(z) - 3*y(z). What are the prime factors of a(l)?
2
Let i(v) = -6*v + 8 - 2*v**2 + 6*v**2 + 17*v. Suppose 22*j - 3*j + 184 = 70. What are the prime factors of i(j)?
2, 43
Suppose 5*a = a + 4, -3*q - 5*a - 142 = 0. Let g be (3 - q/2)*4. Let k = g + -52. List the prime factors of k.
2, 29
Let l be (-22170)/(-27) + (-9 - (-320)/36). Let h = 2451 - l. What are the prime factors of h?
2, 5, 163
Suppose 0 = -7*w - 283 + 52887 + 17571. What are the prime factors of w?
5, 401
Suppose -4*o = 3*q - 28030, -9*o + 18696 = 2*q - 4*o. What are the prime factors of q?
2, 7, 23, 29
Let g be 51/(-15) + 6/(-10). Let r be 18/g*(7 + -9). Let q = 17 - r. List the prime factors of q.
2
Suppose 13 = 4*c - 3*d, -18 = -5*c + 4*d - 2*d. Let v(a) = -21 + 0 - 12 + 11*a + c*a. What are the prime factors of v(10)?
3, 13
Let a be (-18)/(-36) + (-27867)/(-6). Suppose 16555 - a = 10*f. List the prime factors of f.
3, 397
What are the prime factors of 10/7 + (-7453752)/(-952)?
41, 191
Suppose -3*z = 3, -3*y + 5*z = 3*z - 17. Suppose 2*g - 5*s + 0*s - y = 0, -3 = -3*s. Suppose 22 = 4*k + g*v - 94, k - 8 = 4*v. List the prime factors of k.
2, 3
Suppose p - 30 = -14*p. Suppose 0 = p*o + 4, 4*o = -m - o + 1286. What are the prime factors of m?
2, 3
Suppose -84*g = o - 80*g - 891, 5*g + 3648 = 4*o. What are the prime factors of o?
907
Let y = 1 + 2. Suppose 0 = 4*a + y*a - 21. Suppose 5*o - 158 = a*o. List the prime factors of o.
79
Suppose 10407*g = 10426*g - 143678. List the prime factors of g.
2, 19, 199
Let h(g) = 105*g + 526. What are the prime factors of h(45)?
59, 89
Let f be 64/(-40)*-5 - -4295. Suppose 10*b = f + 14677. What are the prime factors of b?
2, 13, 73
Let l(s) = -67*s + 60. Let d be l(-13). Let n = -410 + d. What are the prime factors of n?
521
Let n = 413 + -37. Let x = n - 210. What are the prime factors of x?
2, 83
List the prime factors of -6 - (45/5 - 8902).
8887
Let c be ((-4)/(-6))/((-44)/1254). Let s = -9 + c. What are the prime factors of (-371)/s - (-1)/(-4)?
13
Let m(f) = -f**2 + 8*f + 9. Let o be m(9). Let y = o + 22. What are the prime factors of y?
2, 11
Let u = -27 - -67. Let z = 97 + u. Suppose 3*f + 214 + z = 2*c, 3*c - 549 = -3*f. List the prime factors of c.
2, 3, 5
Suppose 0 = 5*l - l - 2*i - 24, 5*i = 2*l + 4. Let n(h) = 12*h - 51. List the prime factors of n(l).
3, 5
Let x = 930 + -1330. Let z = x - -1105. List the prime factors of z.
3, 5, 47
Let m(j) = -647*j + 450. What are the prime factors of m(-12)?
2, 3, 37
Let a be (2590/5 - 4) + -4. Suppose 13*y = 18*y - a. Suppose 0 = 4*c - 146 + y. List the prime factors of c.
11
Let j(q) = -2*q**2 - 13*q - 3. Let p be j(-6). Suppose 0 = -p*f + 769 + 212. Suppose -7*v = 75 - f. List the prime factors of v.
2, 3
Let b be -1 - 254*(-3)/6. Let o = 465 - b. What are the prime factors of o?
3, 113
Let k(q) = 4*q**3 + 42*q**2 - 6. Let b(p) = -p**3 - 7*p**2 - 3*p + 10. Let m be b(-6). What are the prime factors of k(m)?
2, 317
Let o(z) be the first derivative of 0*z**2 + 0*z + 17 + 20/3*z**3. What are the prime factors of o(1)?
2, 5
Suppose -m + 4135*t = 4132*t - 45797, 0 = -2*t + 14. List the prime factors of m.
2, 31, 739
Let f = 1014 - 560. Suppose -530 = -2*q + 4*q. Let z = q + f. What are the prime factors of z?
3, 7
Let x be (-32 + 29)/(-1 - 0). Suppose -598 = -x*i + 5*z, 138 + 64 = i + z. List the prime factors of i.
3, 67
Let b(f) = f**2 - 15*f - 2. Let m be b(14). Let n = m - -38. What are the prime factors of (-11)/n + (-174)/(-4)?
43
What are the prime factors of ((-1362)/8 + 6)/((-2)/96)?
2, 3, 73
Let n(h) be the second derivative of 5*h**4/12 + 3*h**3/2 + 8*h**2 - 40*h. Let c be n(8). Let s = 634 - c. List the prime factors of s.
2, 113
Let p(f) = -14*f + 16 - 16 + 23 + 48 + 3*f**2. What are the prime factors of p(16)?
3, 5, 41
Let f = -259 + 894. Let l = -4 - -28. Suppose -19*q - f = -l*q. What are the prime factors of q?
127
Let c(n) = n**2 - n - 5. Let b be c(0). Let v(u) = u + 10. Let i be v(b). Suppose -x = 4*s - i*s + 10, 34 = 3*s - 5*x. List the prime factors of s.
2
List the prime factors of (112/6)/(-5 - (-473018)/94599).
2, 3, 7, 457
Let f(t) = t**3 + 13*t**2 + 7*t - 1. Let w be f(-7). Suppose 0 = -z - m + 109, 18*m - 21*m - 218 = -2*z. Suppose z*s = 111*s - w. List the prime factors of s.
2, 61
Suppose -7 = -5*b + 18. Suppose -36 - 14 = b*h. Let y = 120 + h. What are the prime factors of y?
2, 5, 11
Suppose 0 = j - 42 + 198. Let m = j + 306. Suppose 18*p = 15*p + m. List the prime factors of p.
2, 5
Let n = -37199 + 112544. What are the prime factors of n?
3, 5, 5023
Let d be (-130)/(-4) + 0 - 3/(-6). Suppose d*w - 259 = 32*w. What are the prime factors of w?
7, 37
Suppose -15231 = -13*x - 3895. Suppose -x - 1502 = -4*h + 2*w, -4*w = -4. What are the prime factors of h?
2, 3, 11
Suppose -8*g - 3 = -35. Suppose -2*n = g, -4*w + 0*w - 4*n + 900 = 0. What are the prime factors of w?
227
Let z = 116 - 116. Let h(i) = -5*i - 211. Let a be h(z). Let b = a - -349. List the prime factors of b.
2, 3, 23
Let x = -315 + 317. Suppose x*j - 85 = 219. What are the prime factors of j?
2, 19
Let n = -36 + 73. Suppose -14*k + 9*k - 275 = 0. Let q = n - k. What are the prime factors of q?
2, 23
Let z(j) = -6*j**2 - 6*j + 8. Let x be z(2). Let i be 10/(-4) - -2 - 70/x. List the prime factors of (-15)/(-30) + 141/i.
71
Let v(i) = -2*i - 18. Let m be v(-8). Let k = 1 - m. Suppose 2*o = 5*n + 1 + 110, k*o + n - 158 = 0. List the prime factors of o.
53
Let f(w) = 2*w**2 + 5*w + 4. Let v be f(-6). Let q = 166 - v. Let g = -63 + q. What are the prime factors of g?
3, 19
Suppose -214372 = -5*d - 2*l, -34*d - 128610 = -37*d + l. List the prime factors of d.
2, 23, 233
Let u = 676 + -672. List the prime factors of (1*1946)/(-3 - u - -9).
7, 139
Let h(t) be the second derivative of 127*t**3/2 - 7*t**2/2 - 29*t - 1. What are the prime factors of h(1)?
2, 11, 17
Let q(v) = 211*v**3 + 8*v**2 - 41*v - 4. List the prime factors of q(4).
2, 3, 11, 17
Suppose -4*h = -3*f + 6, 2*f + 4*h = 4*f. Suppose 0*q - 2*c = -2*q - 40, -c = 0. What are the prime factors of q/(-60) - (-106)/f?
2, 3
Let d = -108 + 118. List the prime factors of 3/6 - 1*(-3765)/d.
13, 29
Suppose -3*t - 2*z - 15 = -5, 10 = -2*z. Suppose 5*d - 2*w + 323 = t, 2*d + 134 = -2*w + 4*w. List the prime factors of 2/9 + (-6286)/d.
2, 5
Let i be (-61 - -9) + (1 - 0). Let j = 64 + i. Let t = j + 3. What are the prime factors of t?
2
Suppose 35*c - 34973 = 12*c + 91573. List the prime factors of c.
2, 3, 7, 131
Let q = 66 + -39. Let f = q + -24. Suppose 2*i - 3*v = -i + 90, -f*i + 85 = -4*v. What are the prime factors of i?
5, 7
Suppose -1122 = 15*b - 37*b. Let c = b + 94. List the prime factors of c.
5, 29
Let l(g) be the first derivative of 39*g**2/2 - 135*g - 18. What are the prime factors of l(32)?
3, 7, 53
Let m be (11/(77/(-6)))/((-2)/(-154)). Let f = 70 + m. Suppose -f*o = o - 1110. What are the prime factors of o?
2, 3, 37
Let m(s) = 4*s + 24. Let p be m(0). Let u = -24 + p. Suppose u = -6*y + 417 + 33. List the prime factors of y.
3, 5
Suppose 2*y = -3*y + 310. Let h = 62 - y. Suppose h = -c - 0*x - 4*x + 108, -2*x + 474 = 4*c. What are the prime factors of c?
2, 3, 5
Let o be (9/6)/((-3)/(-6)). Suppose 8*z = -o*z + 242. List the prime factors of z.
2, 11
Suppose -16*b + 191376 = -7*b. List the prime factors of b.
2, 3, 443
Let n = -223 + 226. Suppose -3*s = -4*p - 2043, -4*s + 4042 = -n*p + 1318. List the prime factors of s.
3, 227
Let o = 944 - 559. Suppose -j = -2018 + o. What are the prime factors of j?
23, 71
Let n(o) = 18*o**2 - 434*o + 20. Let u be n(24). Let f = 33 + 68. Let m = f - u. List the prime factors of m.
3, 43
Let j(z) = z**3 - 17*z**2 - 19*z + 18. Let f be j(18). Let x(u) = 6*u + 232. List the prime factors of x(f).
2, 29
Suppose -k - 373 = -3*f, -20*f - 123 = -21*f + k. List the prime factors of f.
5
Suppose -